by 3712.
782
Calculate the remainder when 23026 is divided by 7562.
340
Calculate the remainder when 79371 is divided by 21.
12
What is the remainder when 40994 is divided by 142?
98
Calculate the remainder when 351077 is divided by 131.
128
Calculate the remainder when 130179 is divided by 21696.
3
What is the remainder when 8055 is divided by 9?
0
What is the remainder when 20393 is divided by 25?
18
What is the remainder when 253755 is divided by 1011?
1005
What is the remainder when 2994 is divided by 1489?
16
What is the remainder when 62246 is divided by 10366?
50
Calculate the remainder when 488744 is divided by 16.
8
What is the remainder when 2082 is divided by 939?
204
Calculate the remainder when 7718 is divided by 862.
822
What is the remainder when 470 is divided by 167?
136
What is the remainder when 9601 is divided by 1371?
4
Calculate the remainder when 84099 is divided by 284.
35
What is the remainder when 9912765 is divided by 32?
29
Calculate the remainder when 1566 is divided by 223.
5
What is the remainder when 40031 is divided by 19?
17
Calculate the remainder when 534 is divided by 236.
62
Calculate the remainder when 9900 is divided by 78.
72
Calculate the remainder when 13643 is divided by 15.
8
Calculate the remainder when 1115 is divided by 199.
120
What is the remainder when 165540 is divided by 6896?
36
What is the remainder when 204623 is divided by 25?
23
What is the remainder when 82132 is divided by 338?
336
What is the remainder when 13829 is divided by 10?
9
Calculate the remainder when 6745373 is divided by 176.
173
Calculate the remainder when 142823 is divided by 22.
21
Calculate the remainder when 305313 is divided by 44.
41
What is the remainder when 1595 is divided by 23?
8
Calculate the remainder when 28845 is divided by 136.
13
Calculate the remainder when 17938 is divided by 47.
31
Calculate the remainder when 9897 is divided by 17.
3
Calculate the remainder when 111817 is divided by 241.
234
Calculate the remainder when 516254 is divided by 1241.
1239
What is the remainder when 39982 is divided by 325?
7
Calculate the remainder when 561905 is divided by 63.
8
Calculate the remainder when 2928 is divided by 581.
23
What is the remainder when 641657 is divided by 4?
1
Calculate the remainder when 30797 is divided by 179.
9
What is the remainder when 10812 is divided by 338?
334
Calculate the remainder when 41306 is divided by 36.
14
Calculate the remainder when 40828 is divided by 13585.
73
Calculate the remainder when 72603 is divided by 4.
3
Calculate the remainder when 88984 is divided by 1346.
148
What is the remainder when 6307 is divided by 234?
223
Calculate the remainder when 3112643 is divided by 90.
83
Calculate the remainder when 144583 is divided by 51.
49
Calculate the remainder when 146 is divided by 102.
44
What is the remainder when 1413003 is divided by 23?
21
What is the remainder when 25673 is divided by 1119?
1055
What is the remainder when 2096 is divided by 349?
2
Calculate the remainder when 9781 is divided by 9562.
219
What is the remainder when 69527 is divided by 1311?
44
Calculate the remainder when 51942 is divided by 127.
126
Calculate the remainder when 882 is divided by 346.
190
What is the remainder when 770 is divided by 54?
14
Calculate the remainder when 7925 is divided by 2330.
935
What is the remainder when 35911 is divided by 43?
6
What is the remainder when 1105 is divided by 44?
5
What is the remainder when 122395 is divided by 1020?
1015
What is the remainder when 6714 is divided by 30?
24
What is the remainder when 56987 is divided by 7113?
83
Calculate the remainder when 69666 is divided by 12.
6
Calculate the remainder when 33547 is divided by 3049.
8
Calculate the remainder when 451 is divided by 92.
83
What is the remainder when 981 is divided by 6?
3
What is the remainder when 2495 is divided by 438?
305
What is the remainder when 849 is divided by 25?
24
Calculate the remainder when 8341 is divided by 2066.
77
Calculate the remainder when 23968 is divided by 164.
24
What is the remainder when 31182 is divided by 88?
30
What is the remainder when 2108 is divided by 303?
290
What is the remainder when 243669 is divided by 9?
3
What is the remainder when 651 is divided by 115?
76
What is the remainder when 1273 is divided by 48?
25
What is the remainder when 1766 is divided by 46?
18
Calculate the remainder when 27823 is divided by 103.
13
What is the remainder when 6646 is divided by 453?
304
Calculate the remainder when 2758 is divided by 460.
458
Calculate the remainder when 36791 is divided by 2052.
1907
Calculate the remainder when 62208 is divided by 984.
216
What is the remainder when 12377 is divided by 124?
101
What is the remainder when 5525 is divided by 29?
15
What is the remainder when 100151 is divided by 104?
103
What is the remainder when 1004 is divided by 1000?
4
What is the remainder when 11291 is divided by 251?
247
Calculate the remainder when 23966 is divided by 14.
12
What is the remainder when 56665 is divided by 86?
77
Calculate the remainder when 27830 is divided by 2783.
0
Calculate the remainder when 10587 is divided by 23.
7
What is the remainder when 1834 is divided by 370?
354
What is the remainder when 82075 is divided by 434?
49
What is the remainder when 735696 is divided by 48?
0
Calculate the remainder when 8429 is divided by 113.
67
What is the remainder when 11289 is divided by 11269?
20
Calculate the remainder when 16754 is divided by 1114.
44
Calculate the remainder when 36943 is divided by 95.
83
What is the remainder when 29754 is divided by 155?
149
What is the remainder when 3247 is divided by 1607?
33
What is the remainder when 7460 is divided by 1464?
140
What is the remainder when 147 is divided by 65?
17
What is the remainder when 57976 is divided by 185?
71
What is the remainder when 14572 is divided by 14552?
20
Calculate the remainder when 21980 is divided by 10979.
22
Calculate the remainder when 1950 is divided by 274.
32
What is the remainder when 124237 is divided by 580?
117
Calculate the remainder when 18756 is divided by 826.
584
What is the remainder when 2052 is divided by 278?
106
Calculate the remainder when 3000417 is divided by 180.
177
What is the remainder when 1543 is divided by 549?
445
What is the remainder when 1032673 is divided by 599?
596
What is the remainder when 4394 is divided by 2030?
334
What is the remainder when 6558 is divided by 52?
6
What is the remainder when 3327 is divided by 1639?
49
What is the remainder when 90385 is divided by 84?
1
What is the remainder when 244305 is divided by 2519?
2481
What is the remainder when 346977 is divided by 26690?
7
What is the remainder when 6382 is divided by 584?
542
Calculate the remainder when 12751 is divided by 103.
82
Calculate the remainder when 6829 is divided by 274.
253
Calculate the remainder when 95370 is divided by 54.
6
Calculate the remainder when 3027 is divided by 2999.
28
What is the remainder when 56071 is divided by 56069?
2
What is the remainder when 2590 is divided by 2122?
468
What is the remainder when 526 is divided by 195?
136
Calculate the remainder when 286565 is divided by 2985.
5
Calculate the remainder when 24386 is divided by 173.
166
Calculate the remainder when 6364 is divided by 2843.
678
What is the remainder when 1708 is divided by 190?
188
What is the remainder when 12809 is divided by 529?
113
Calculate the remainder when 1460482 is divided by 21.
16
What is the remainder when 628 is divided by 24?
4
What is the remainder when 36290 is divided by 18145?
0
Calculate the remainder when 185917 is divided by 581.
578
What is the remainder when 19771 is divided by 19765?
6
What is the remainder when 130876 is divided by 173?
88
What is the remainder when 12467 is divided by 36?
11
Calculate the remainder when 607754 is divided by 2103.
2090
What is the remainder when 64115 is divided by 21371?
2
What is the remainder when 28115 is divided by 156?
35
What is the remainder when 3039 is divided by 11?
3
What is the remainder when 81294 is divided by 229?
228
Calculate the remainder when 102417 is divided by 23.
21
What is the remainder when 97204 is divided by 32?
20
Calculate the remainder when 1316